hen 98 is divided by l?
18
Calculate the remainder when 1*-2 - 6680/(6 - 16) is divided by 29.
28
Suppose 8*c - 85 = 3*c. Let q(y) = -y**3 - 14*y**2 + 13*y + 18. Let x = 33 + -48. Calculate the remainder when q(x) is divided by c.
14
Let a(p) = p**3 - 6*p**2 - 4*p - 12. Suppose -4*y + 2 = -26. Calculate the remainder when a(y) is divided by -1 - 1 - (-1 - 5).
1
Let w be 6/(-27) + 195/27. Suppose -11 = -6*b + w. Calculate the remainder when -1 + b + (-6 - -21) is divided by 6.
5
Suppose 5*b = -4*d + d + 53, -2*b + 14 = 3*d. Calculate the remainder when 921 is divided by b.
11
Let t = 786 + -659. Calculate the remainder when t is divided by 27.
19
What is the remainder when 209 is divided by (280/(-3))/8*-3?
34
Let k(q) be the second derivative of -q**3/6 - 17*q**2/2 - 25*q. What is the remainder when 5 is divided by k(-22)?
0
What is the remainder when 85 is divided by (-6 + 16)*(-3)/(-30) - -35?
13
Let q(o) = -18*o - 53. Calculate the remainder when 68 is divided by q(-5).
31
Let w = -68 + 66. What is the remainder when (2 - 54)*w/8 is divided by (4 + -1)*(-10)/(-6)?
3
Suppose -3*o = -3*c + 36, 0 = 4*c - 7*o + 2*o - 44. Let f = -83 - -140. Calculate the remainder when f is divided by c.
9
Let j(h) = 5*h**2 + 22*h + 9. Calculate the remainder when 107 is divided by j(-6).
50
Let n(q) = -9 - 12 - q**2 - 4 + 16*q. What is the remainder when n(8) is divided by 7?
4
Let j = 128 + 32. Let b = j - 150. What is the remainder when 18 is divided by b?
8
Let h(d) = 3*d - 9. Let z be h(5). Let n(r) = r - 1. Let q be n(z). Suppose 21 = q*k - 49. What is the remainder when k is divided by 9?
5
Let t(m) = -m**2 + 25*m + 43. Calculate the remainder when t(12) is divided by 61.
16
Suppose -5*m + 224 = -126. Suppose -2*y = -3*y + m. Suppose -2*q + y = 3*q. Calculate the remainder when 53 is divided by q.
11
Suppose 0 = 3*u - 5*y - 488, -5*u + 5*y = -278 - 552. Calculate the remainder when 81 is divided by (-5)/20 + u/12.
11
Let k = 16 + -13. Suppose -k*n + 2*n = 2*d - 10, -8 = 4*n - 4*d. Let y(j) = 2*j**2 - 3*j + 5. What is the remainder when y(n) is divided by 4?
3
Let z = 22 + 16. Suppose 3*n + 1 - 34 = 0. Let k(u) = u**2 - 9*u - 12. What is the remainder when z is divided by k(n)?
8
Let o be ((-60)/35)/(2/(-7)). Suppose r - 4*j = -4, -4*j + o = r - 6. Calculate the remainder when 21 is divided by r.
1
Let w be (608/(-48))/((-8)/(-12)). Let v be (-2)/(-1 + -1)*26. Let g = w + v. What is the remainder when 26 is divided by g?
5
Let j(r) = r**2 + r + 2. Suppose 3*y = 4*y + 2*d - 1, 23 = 3*y + 2*d. What is the remainder when j(-6) is divided by y?
10
Let c(v) = -1 + v - 47*v**3 + 2*v**2 + 17*v**3 - 3*v**2. Let n be c(1). Let z = n - -50. What is the remainder when z is divided by 10?
9
Let n = 25 + -27. Let d = 5 - -1. Calculate the remainder when (-15 + n)*(-2 - -1) is divided by d.
5
Suppose 0*m = 5*t + 5*m - 95, 2*t = 4*m + 14. Suppose s - 66 = -4*f, -2*f - t = -5. What is the remainder when s is divided by 22?
20
Suppose 0 = 2*c + l - 1, 5 = -5*c + 5*l + 15. Suppose 5*r - 3*y - 21 = -0*y, 4*r = 2*y + 16. Calculate the remainder when r is divided by c.
0
Suppose 3*u - 19 + 7 = 0. What is the remainder when (-61)/(-3)*(1 - (u + -6)) is divided by 31?
30
Let t = 13 + -5. Let a(m) = m + 8. Let b be a(-6). Suppose -3*p - 30 = -g, -2*g + b*p + 60 = -p. What is the remainder when g is divided by t?
6
Suppose 0 = -2*c - 4*r + 16, 0 = 4*r + 6 - 2. Let w(n) = -n**2 - 2*n + 2. Let h be w(-4). Calculate the remainder when c is divided by 1/(-2) - 27/h.
2
Let b = 54 - 59. Let c(s) = -s + 34. What is the remainder when 155 is divided by c(b)?
38
Suppose 0 = 12*x - 2*x - 20. Let z(b) = 3*b - 3. Calculate the remainder when 3 is divided by z(x).
0
Let o be 2*15*3/6. Suppose -15*c + o = -15. Calculate the remainder when 7 is divided by c.
1
Let v(j) = j**2 - 5*j + 14. Let z be v(5). Let r(c) = c + 1. Calculate the remainder when 101 is divided by r(z).
11
Let l = -233 - -240. Let f = 51 + -33. What is the remainder when f is divided by l?
4
Suppose -2*z + 4*z - x = 3, x = -z. Suppose 36*k - 36 = 39*k. Let j(f) = 3*f + 39. Calculate the remainder when j(k) is divided by z.
0
Let j(h) = -h**3 + 9*h**2 - 12*h - 7. Let z = -8 + 24. What is the remainder when j(6) is divided by z?
13
Let p(j) = j**3 + 9*j**2 + 6*j + 5. Calculate the remainder when 60 is divided by p(-8).
18
Let f(t) = -t**2 - 6*t + 94. Calculate the remainder when f(-11) is divided by 5.
4
Suppose -4*z = 4*f - 512, 122*f - 117*f - 140 = -z. Calculate the remainder when z is divided by 5.
0
Let p = 267 - 207. Calculate the remainder when p is divided by 30.
0
What is the remainder when 1240/320 + 1/8 is divided by (1 - -1)/(1/1)?
0
Let d = 53 + 12. Let g = -54 + d. What is the remainder when 51 is divided by g?
7
Let r = 115 - 73. What is the remainder when 375 is divided by r?
39
Suppose -2*l + 3*s = -304 + 272, -2*l = s - 24. What is the remainder when 22 - 0/((-1)/(-1)) is divided by l?
9
Let x(i) = -i**3 + i**2 + 4. Let q be x(5). Let h(u) = -u**3 + 11*u**2 + 27*u - 11. Let a be h(13). What is the remainder when 142 is divided by a - (q/3 + -2)?
34
Let u be (-8)/(-3)*(-12)/(-8). Let g(p) = 10*p + 12. Let h = -21 + 30. What is the remainder when g(u) is divided by h?
7
Let a = -684 - -1002. What is the remainder when a is divided by 108?
102
Suppose 0 = 6*t - 2*t - 4240. Suppose -6*o + t = -32. What is the remainder when o is divided by 31?
27
What is the remainder when 354 is divided by (3 + 464/(-48))/((-4)/54)?
84
Suppose 22*t - 284 - 112 = 0. Calculate the remainder when 21 is divided by t.
3
Suppose 2*v - 6*v - 16 = 0, 3*w - 1058 = 5*v. What is the remainder when w is divided by 50?
46
Suppose m = -5*x + 56, 3*m + 13*x = 9*x + 113. What is the remainder when 119 is divided by m?
26
Let f = 7 + 1. Calculate the remainder when 141 is divided by f.
5
Let w = -13 + 27. What is the remainder when 47 is divided by w?
5
Suppose -227 - 41 = -2*q. Calculate the remainder when q is divided by 47.
40
Let s = 47 + -25. Let x be (-1)/(((-3)/(-6))/(-1)). Suppose -x*o = -3*o + 42. What is the remainder when o is divided by s?
20
Let o be (-1)/(-3) + (1 - (-112)/6). Suppose s + 3*t + 205 = 6*s, 0 = -4*t - 20. What is the remainder when s is divided by (-3 - 1)/(o/(-50))?
8
Suppose -205 = -3*f + 8*f. Calculate the remainder when 166 is divided by (-5 + f/3)*9/(-6).
26
Suppose 65*v = 61*v + 1028. Calculate the remainder when v is divided by 13.
10
Suppose 0 = 3*w - 5*w + 364. Suppose 2*l - 4*y + 2*y = w, 419 = 5*l + 4*y. Suppose 0 = -9*p + 219 + l. What is the remainder when p is divided by 13?
8
Let g(v) = v**2 - 13*v + 2. Let l be g(15). Let r(h) = -h**3 + h**2 - 26. Let s be r(0). Let j = s + l. What is the remainder when 9 is divided by j?
3
Suppose 0 = -4*x + 2*k + 30, -30 = -x - x - 2*k. Suppose 36 = -5*r + 216. Calculate the remainder when r is divided by x.
6
Suppose a = -3*k - 59, -3*a + 0*k - 156 = 2*k. Let w = a + 63. Calculate the remainder when w is divided by 7.
6
Suppose 0 = 52*l - 74*l + 748. Calculate the remainder when 779 is divided by l.
31
Let b = 551 - 529. What is the remainder when 120 is divided by b?
10
Let x = -7 - -13. Suppose -8*b = -x*b - 4. Suppose -7 = -3*r + 3*y + 8, 3*y = 5*r - 17. Calculate the remainder when b is divided by r.
0
Let p = 0 + 3. Suppose 26*j - 72 = 266. What is the remainder when j is divided by (-1)/(p - 16/5)?
3
Suppose -773*z + 768*z = -85. What is the remainder when 32 is divided by z?
15
Let u(l) = 9*l + 6. What is the remainder when 52 is divided by u(2)?
4
Suppose -3*n + n - 3*f = -424, 5*f = 20. What is the remainder when n is divided by 65?
11
Let m be 20/(-4)*1*-1. Suppose 18 = -m*a + 78. Let j(y) = 3*y + 3. Calculate the remainder when j(6) is divided by a.
9
Let c = 30 - 24. Calculate the remainder when 208/10*c/(-24)*-10 is divided by 7.
3
Calculate the remainder when 35 is divided by 4/22 + -47*24/(-88).
9
Let s(b) = -2*b**2 + b - 1. Let u(r) = -4*r**2 + 2*r - 2. Let v(h) = -13*s(h) + 6*u(h). Calculate the remainder when 63 is divided by v(-3).
19
Suppose 0 = -w + 5*r + 34, -3*w + 11 = 2*r - 91. Calculate the remainder when 202 is divided by w.
32
Let t(j) = -7*j - 2. Let q(x) = -x**3 - 12*x**2 - x + 5. Let m be q(-12). Let o = -20 + m. Calculate the rema